 What is the units digit of i?
2
Let f(s) = 87*s**2 - 42*s - 166. What is the units digit of f(-4)?
4
Suppose 5*y + 2 = -3. What is the units digit of y/2 - (-81)/2?
0
Let b be ((-1)/(-3))/(1/117). Let n = 55 - b. Suppose 19*v - 81 = n*v. What is the units digit of v?
7
Let y(a) = -5*a - 171. Let r(u) = u + 43. Let k(s) = 9*r(s) + 2*y(s). What is the units digit of k(-5)?
0
Let l be 56/7*(0 + 1). Let v = 7 + l. Suppose 0 = -d + 2*g, 3*d - g - 2*g = v. What is the tens digit of d?
1
Let o be -27*1 - (3 + -7). Let g = o + 19. What is the units digit of 180/g*(3 + -4)?
5
Suppose 0 = 4*y + 180 + 40. Let s = y - -33. What is the units digit of (0 - s/2) + -1?
0
Let d = -653 - -1867. What is the thousands digit of d?
1
Suppose -5*c + 483 = -1962. What is the tens digit of c?
8
Let r(q) = 6*q + 8. Let y be r(10). Suppose 272 = 3*s + y. Let v = 97 - s. What is the tens digit of v?
2
Let g be (2/(-3))/((-2)/(-3)). What is the units digit of (3/(-9) - g)*(-738)/(-12)?
1
Let c(l) = -2*l**3 + l**2 - 3*l. Let h be c(-3). Suppose -h = -4*f - 4*v, 4*f - 4*v = -6*v + 76. What is the units digit of 432/f + (-2)/(-5)?
2
Let d = 14 + -13. What is the units digit of (0 + d)*(-455)/(-7) + 0?
5
Let l = -45 + 127. Suppose l*n + 111 = 85*n. What is the units digit of n?
7
Suppose -3*k + 25 = -5*x, 6*x + 20 = 5*k + 2*x. Suppose 4*m - 36 = -k*m. What is the units digit of m?
9
Let l(o) = o - 10. Let i be l(13). Suppose -y - 625 = -5*z, -i*y + 6*y = -z + 125. What is the tens digit of z?
2
Let b(z) = z**3 + 10*z**2 - 3*z - 4. Let k(v) = -v**3 + 6*v**2 + 5*v + 3. Let l be k(7). Let i be b(l). Let f = -65 - i. What is the units digit of f?
7
Let i = 220 - 27. What is the hundreds digit of i?
1
Let l(z) = z**2 - 4*z - 9. Let g be l(7). Let a = -8 + g. Let y = 11 - a. What is the units digit of y?
7
Let v(o) = -o**3 + 7*o**2 - 4*o - 6. Let z be v(7). Suppose -a = 4*a - 3*g + 280, -3*a + 2*g = 169. Let d = z - a. What is the tens digit of d?
1
Let f(d) = d**2 + 3*d + 4. Let n be f(-2). Suppose -400 = -n*w - 3*w - 5*l, 0 = 2*l + 8. What is the tens digit of w?
8
What is the thousands digit of 3/5 - (-164718)/45?
3
Let r = -32 - -3. Let o = 1 - r. What is the units digit of o?
0
Suppose 2*b + c - 2 = 6, -c = 0. What is the units digit of 106/b*(15 + -13)?
3
Let l = 519 - 133. What is the hundreds digit of l?
3
Suppose -13*q + 10 = -11*q. Suppose u = 4*m - 72, q*u = 4*m - 37 - 51. Let k = 26 - m. What is the units digit of k?
9
Let a(y) = 2*y + 28. Let p be a(-7). What is the hundreds digit of (-30)/p + 2 + (-995)/(-7)?
1
Let p(f) = 237*f - 14. What is the units digit of p(2)?
0
Suppose 2737 + 1553 = 6*u. What is the tens digit of u?
1
What is the hundreds digit of 35*(-4 - (-295)/25)?
2
Let r be (27 + 1)/(3 + -4). Let z = r + 93. What is the tens digit of z?
6
Let k(j) = j**3 + 23*j**2 - 38*j - 13. Let t be k(-25). Let c = 454 + t. What is the hundreds digit of c?
1
Suppose 4*m - 89 = 55. Suppose -1 - 9 = 2*j - 2*z, 2*j + 3*z = -10. Let s = m - j. What is the units digit of s?
1
Let h(s) = -s**3 + 4*s**2 - 4. Let w = 24 + -21. Let o be h(w). Suppose -o*t - 165 = -10*t. What is the tens digit of t?
3
Suppose -d + 1 - 4 = n, 3*d + 5 = -2*n. Let c = 7 - d. What is the units digit of c/(-2) - -49 - 1?
5
Suppose 0 = 24*d - 26*d - 18. Let u(p) = p + 19. What is the units digit of u(d)?
0
Let g(i) = -5*i + 2. Let v be g(-3). Let w(l) = l**3 - 17*l**2 + 4. Let o be w(v). Suppose 0*p + 227 = o*p - 5*c, -c = p - 50. What is the units digit of p?
3
What is the units digit of (26*(-2085)/20)/((-45)/30)?
7
Let g be ((-42)/(-9) + -4)*27. Suppose 7*t = g*t - 1914. What is the hundreds digit of t?
1
Let f be ((-8)/6)/((-26)/39). Suppose 2*z - 2*g + 4 = 0, -5*z + f*g + 1 = -1. What is the units digit of z?
2
Let f = 9 - 7. Suppose 2*k = 2*o + 12, f*k + 2*o = -0*k + 12. What is the tens digit of ((-18)/k)/((-1)/8)?
2
What is the units digit of (10 - (-1071)/(-36))/((-2)/40)?
5
Let s = 992 + -818. What is the hundreds digit of s?
1
Let i be (-2)/26*2 + 42/273. Let a = 7 - 4. Suppose i = 4*j + o - 24, a*j - 3*o - 11 = 7. What is the units digit of j?
6
Let f(b) be the first derivative of -b**2/2 + 2*b - 3. Let q be f(3). What is the units digit of ((-1)/(-3))/(q/(-9))?
3
Let t be (69 - -10)/(1/3). Suppose 3*s - t = -3*o, 0 = 5*o - 2 - 3. What is the units digit of s?
8
What is the hundreds digit of ((-223)/4)/(((-9)/(-28))/(-9))?
5
Let t = 82 + -46. Suppose 2*z - 120 = -4*n, n = -0*n + z + t. Suppose 4*q - 116 = -l + 3*l, q = 2*l + n. What is the tens digit of q?
2
Let b = -128 - -79. Let r = b + 202. What is the hundreds digit of r?
1
Suppose -2*c - 27 - 435 = 0. What is the tens digit of (c/15 - -7)/(1/(-5))?
4
Suppose 27 = 3*t - 0. Suppose -t*q = -3*q - 678. What is the tens digit of q?
1
Let h be 11/3 - (-2)/(-3). Let m(v) = 0*v**2 + 7*v**3 - 1 + 11*v**h + v**2. What is the tens digit of m(1)?
1
Suppose -6*o + 25 = 19. What is the units digit of ((-10)/(-8))/(309/(-312) + o)?
0
Let a be (-8)/(-6)*8/((-48)/(-9)). Let i(o) = 34*o - 10. What is the units digit of i(a)?
8
Let k(d) = -d**3 + 11*d**2. Suppose 3*q - 16 = 2*g - 53, -10 = 2*q. Let j be k(g). Suppose 18 = 2*y - a, y - 3*a - 2 - 2 = j. What is the tens digit of y?
1
Suppose 2 = 2*g - 0*g, 3*x - 5*g = 1402. What is the hundreds digit of x?
4
Suppose 15*u - 14937 = -24*u. What is the units digit of u?
3
Suppose 3*k + 28 = -17. Let c be ((-250)/k + 1)*12. What is the tens digit of (c/12)/((-1)/(-3))?
5
Let a be 50/((-5 - -4)/1). What is the tens digit of a/((-2)/2)*1?
5
Let h = -7793 - -11412. What is the hundreds digit of h?
6
Suppose 9 = b - 4*b, j + b - 1 = 0. Suppose 4*v - 165 - 59 = -j*i, -v + 51 = 2*i. What is the units digit of v?
1
Let w = 560 - 300. What is the tens digit of w?
6
Let f(t) = -10*t**3 - 8*t**2 - 27*t - 61. What is the units digit of f(-6)?
3
Suppose n + 2 = -4*a - 3, 5*n - 23 = 4*a. Let x be (a - -7) + 4/(-2). Suppose -c - 34 = -2*c + 3*j, -x*c = 5*j - 74. What is the units digit of c?
8
Let q = 34 + -3. Let z = 2 - 12. Let r = q + z. What is the tens digit of r?
2
What is the tens digit of 4722/12*(7 - -5)?
2
Suppose -5*y = -138 + 383. Let o = 66 + y. What is the tens digit of o?
1
Suppose -3*d + 44 = -4*p - 35, -4*p - 145 = -5*d. Let q(u) = 6*u**3 - 2*u**2 + 3*u + 4. Let s be q(3). Suppose -4*r = d - s. What is the units digit of r?
1
Let h(f) = -2*f**3 - f**2 + f + 1. Let y be h(-1). Suppose y = 5*j - 14. Suppose 0 = j*l - 22 - 98. What is the tens digit of l?
4
Let j(x) = -x - 20. Let v be j(-20). Suppose i - 38 = f, v*f - f = 3*i - 134. What is the units digit of i?
3
Let m be (-65)/(-3) - (-2)/6. Suppose 9*o - 11*o = -m. What is the tens digit of o?
1
Suppose 5*a - z - 34 - 70 = 0, 0 = 4*z - 4. Let t be (-4)/14 - (-678)/a. Let i = t - 15. What is the tens digit of i?
1
What is the tens digit of 1138*(30/12 + -2)?
6
Suppose -3*g + 613 = 5*o, -4*o + 504 = -0*g - g. What is the tens digit of o?
2
Suppose -3*u = 12, 3*a - 7*a + 13220 = 5*u. What is the tens digit of a?
1
Suppose 128508 = 38*z - 69548. What is the hundreds digit of z?
2
Let s = 109 + 5143. What is the tens digit of s?
5
Let v(w) = w**2 - 32*w + 23. What is the units digit of v(-14)?
7
Let z be (4 + (-68)/8)*8. Let j = -7 - z. Suppose 3*r - r + u - j = 0, -4*r + 43 = 5*u. What is the units digit of r?
7
Suppose 2*p = 2*u + 14, 5*p = -0*u + u + 31. Suppose -t + p - 1 = 0. Suppose t*i - 2 = 4*k - 73, 5*k + 5*i = 100. What is the tens digit of k?
1
Let h(d) = -d + 13. Let c be h(9). What is the tens digit of (9 - 1)*2/c*32?
2
Let a(j) = -j**2 + 3*j + 2. Let b be a(3). Suppose 2*q = 5*p - 8, 3*q = b*p - 0*p - 1. What is the units digit of q?
1
Let f = 51 + -51. Suppose f*i - 188 = -2*i + 4*d, d = -4. What is the units digit of i?
6
Let v = 1628 + -645. What is the tens digit of v?
8
Let v be (200/(-30))/((-1)/15). Suppose d - y - v = 2*y, 3*d - 4*y = 320. Let r = -63 + d. What is the tens digit of r?
4
Suppose -q + 4*q = 45. Let m(s) = -13*s - 4. Let i be m(-1). What is the units digit of 366/q - i/(-15)?
5
What is the tens digit of -1 + -3 - ((-2202)/3)/2?
6
Suppose -22*a + 25*a = 4494. What is the hundreds digit of a?
4
Suppose 0 = 3*k - 5*d - 3861, -101*k + d - 6407 = -106*k. What is the thousands digit of k?
1
Suppose -102 = 2*k - 106. Suppose 